. Calculate y(j).
-6
Let l be 2/((-44)/(-11)*4/(-24)). Let q(i) = -i - 8. Determine q(l).
-5
Let f(d) = -d**2 - 17*d - 19. Let i be 6/20 - (-1467)/(-90). What is f(i)?
-3
Let q(t) be the second derivative of 0 + 3/2*t**2 - 1/6*t**3 - 26*t. Give q(4).
-1
Let o(c) = c**2 - c. Suppose -5 = x - 10. Let l be (2 + x/(-2))*0. Suppose -5*d = 15 - l. What is o(d)?
12
Let m(q) be the first derivative of q**4/4 - 8*q**3/3 - 6*q**2 + 11*q - 1. Suppose -119*c + 415 + 656 = 0. Calculate m(c).
-16
Let y = 7 + -4. Let i be (-91)/(-21) - 1/y. Let q be (-40)/(-15)*9/i. Let l(t) = 2*t - 7. What is l(q)?
5
Let g(y) = -1 - 5*y - 2*y**2 + y**2 + 0*y - 7 - 2*y. Determine g(-6).
-2
Let j(z) = -11*z**2 - 18*z + 17. Let i(s) = 5*s**2 + 8*s - 8. Let p(m) = -9*i(m) - 4*j(m). What is p(4)?
-12
Let p(c) be the third derivative of -3*c**5/20 + c**4/24 + 2*c**2 + 43*c. Give p(-1).
-10
Let n = -187 + 180. Let d(g) = -3*g + 7. Let a(z) = 13*z - 29. Let m(j) = -2*a(j) - 9*d(j). What is m(n)?
-12
Let n(x) = x - 2. Let b(d) = 6*d**2 + 9*d + d**3 - 5*d - 5 + 7. Let l be b(-5). Give n(l).
5
Let g(s) = -3*s - 23. Let x be g(-11). Let n(r) = -r**2 + 9*r + 4. Determine n(x).
-6
Suppose -8*p = -13*p - 5. Let h be (-6 + p)*(-18)/42. Let c(u) be the second derivative of -u**5/20 + 5*u**4/12 - u**3/2 + 2*u**2 + 2*u. What is c(h)?
13
Let j(q) = -1. Let m be 0/(-1) - 3 - 104/(-13). Let h(b) = 19*b - 21. Let a(u) = 9*u - 10. Let s(y) = -13*a(y) + 6*h(y). Let z(c) = m*j(c) + s(c). Give z(-1).
2
Let u(m) = -m**3 + 2*m**2 - 4*m + 17. Suppose 4*a - 2*w - 4 = 0, 5*w - 40 = 2*a - 26. What is u(a)?
-4
Suppose n = 6*n + 15. Suppose 3*i - 6*x - 35 = -x, i - 9 = x. Let q(g) = g - 3. Let c(a) = -a. Let j(s) = i*c(s) + q(s). Determine j(n).
9
Let j(z) = z**2 - 8*z. Let i(q) = q**3 + q**2 - 9*q + 4. Let w be i(4). Suppose -39 = -3*p + w. Let y = 36 - p. Give j(y).
-7
Let d be -6*(8/4)/1. Let b = d + 17. Suppose c = b*c - 8. Let l(k) = k**2 + 2*k - 3. What is l(c)?
5
Let m = -54 - -61. Let v(u) = -2*u**2 - 6*u - 7. Let c(f) = -5*f**2 - 13*f - 15. Let s(y) = m*v(y) - 3*c(y). What is s(4)?
0
Let q(b) = b**2 - 3*b + 1. Let u(s) = -3*s**2 + 13*s + 2. Let r(i) = q(i) + u(i). Calculate r(7).
-25
Let p(c) = -4*c**3 + 2. Let y(a) = -5*a**3 + a**2 + a + 3. Let u(t) = -4*p(t) + 3*y(t). Give u(-3).
-8
Let y(q) = -11*q**2 + 3*q - 4. Let l(u) = 20*u**2 - 6*u + 7. Let w = -1 - 5. Let n(d) = w*l(d) - 11*y(d). Give n(-2).
0
Let g(f) = -f**3 + 8*f**2 - 9*f + 8. Suppose 5*s = 2*i - 9, -2*i - 3*s + 7*s + 6 = 0. Let w be (1 - i) + 0 + 3. Determine g(w).
-6
Let c(b) = -b**3 - 6*b**2 + 2*b + 5. Let a(y) = -y**3 - 4*y**2 - 2*y - 4. Let k be a(-4). Suppose 0*u - 2*u = -k. Suppose u*t + 24 = -2*t. What is c(t)?
-7
Let k(u) be the first derivative of 12 - 1/6*u**4 + 0*u + 6*u**2 + 2/3*u**3. Let m(d) be the second derivative of k(d). Determine m(3).
-8
Suppose -18*r = r + 9*r - 196. Let w(i) = -i**2 - 6*i - 1. Let k(n) = -5*n**2 - 24*n - 3. Let v(m) = -2*k(m) + 9*w(m). Determine v(r).
4
Let r(v) be the first derivative of -v**4/4 + v**2 + 1. Let f(u) = -15*u + 1277. Let s be f(85). What is r(s)?
-4
Let h(v) = -11*v**3 - 11*v**2 - 8*v - 1. Let l(z) = 13*z**3 + 13*z**2 + 9*z + 1. Let x(c) = -7*h(c) - 6*l(c). Let q be 4/(-1*2) + 0. Calculate x(q).
1
Let g(m) be the third derivative of 49*m**2 + 0*m**5 - 1/24*m**4 + 0 + 1/120*m**6 + 0*m - 1/6*m**3. What is g(-2)?
-7
Let o = 153 - 150. Let i(j) be the second derivative of -1/20*j**5 + 0 - 1/2*j**3 + 1/2*j**4 - j**2 + o*j. Give i(5).
8
Let y(v) be the first derivative of -v**4/4 + 5*v**3/3 + 4*v - 1791. Suppose -j + 23 = 5*u, u = 2*u - 5*j - 15. Give y(u).
4
Let t(s) = -9*s + 33. Let q(y) = y - 4. Let m(b) = 33*q(b) + 4*t(b). Suppose 396*o - 366*o + 84 - 24 = 0. What is m(o)?
6
Let p(a) = -16*a**3 + 2*a**2 - 1. Let x = 624 - 625. Determine p(x).
17
Let u(k) be the second derivative of k**5/20 - 3*k**4/4 + 4*k**3/3 + 5*k**2/2 + 53*k. What is u(6)?
-55
Let h = 10 - 15. Let r(v) = 2*v + 15. Let b(s) = -37*s - 7. Let u(q) = 21*q + 3. Let t(a) = 4*b(a) + 7*u(a). Let g(x) = h*t(x) - 2*r(x). Give g(-7).
-2
Suppose 2*b - m - 10 - 2 = 0, 2*b + m = 4. Suppose k = 4*j + 1, -2*j - b = -5*k + k. Let v(d) = -2*d**2 - 2 - k + 0 + d**2. Determine v(-3).
-12
Let k(u) = -7*u**2 - u. Suppose 2*q - 4*q = 28. Let m be 8/28 - 38/q. Suppose 3*n - 7 = 2*s, -m*s + 2*n + 6 = 3*n. Calculate k(s).
-8
Let i(d) = d - d**2 - 9*d - 7 + 5 + 1. Determine i(-6).
11
Let y(n) be the third derivative of n**5/30 + n**4/4 + 5*n**3/3 - 19*n**2 - 2. Determine y(-7).
66
Let j(o) be the second derivative of o**3/3 + o**2 - 10*o. Suppose -t + v = 5, -4*v - 10 = 4*t + 2. Determine j(t).
-6
Let w(l) = 789*l**2 + l - 788*l**2 - 2*l + 6 + 9*l. Give w(-4).
-10
Let v be 2/7 - 26/(-7). Let a(t) = -7*t**3 + 4*t**2 - 11*t + 10. Let l(b) = b**3 + 2*b - 1. Let g(f) = a(f) + 6*l(f). Give g(v).
8
Let c(y) = -y - 4. Let o = 15 + -13. Suppose 0 = -o*b - w + 12, 3*w - 24 = -4*b - 2*w. Give c(b).
-10
Let q be 35/14 + 9/2. Let i(k) = k**3 - 9*k**2 + 11*k + 19. Determine i(q).
-2
Suppose -13*c + 528 = -9*c. Let d = c + -134. Let s(y) = 3*y**2 + 4*y + 2. Give s(d).
6
Let b(l) = -l**3 + 3*l - 3. Let s be b(2). Let a(n) = 14*n + 67. What is a(s)?
-3
Let u(f) = -f**2 + 6*f - 3. Let i be u(5). Let k(j) = 5*j + 8. Let g be k(-1). Let q(m) = -m**2 + 1 - g*m + m**2 + 2*m**i. Give q(3).
10
Suppose -4*b - 3*n - 36 = 0, 32 = -5*b - n - 2. Let m(y) = 1. Let i(s) = s + 1. Let c(t) = -i(t) - 3*m(t). What is c(b)?
2
Let b(h) = -h**3 + 5*h**2 - 3*h - 3. Suppose -7*q + 2*q + 20 = 0. Let n be b(q). Let w(i) = i + 1. Give w(n).
2
Suppose -5*t + 3*o = -18, 5*o - 9 = -5*t + 1. Let x(z) = 11*z**3 + 3 - 3*z - 10*z**t + 3 - 4 - 4*z**2. Let f = -2 - -6. Calculate x(f).
-10
Let k = -2 + 1. Let n(r) be the second derivative of -5*r**4/4 - 153*r - 1. Give n(k).
-15
Let l = -119 + 133. Let q(z) = -31 - 3*z + l + 18 + 0*z. Determine q(5).
-14
Suppose 0*o + 8 = -4*o. Let f(h) be the first derivative of -h**3/3 - 2*h**2 - 3*h - 30. Determine f(o).
1
Let d(o) = -2*o**2 - 2*o - 1. Let r = 1247 + -1245. Determine d(r).
-13
Let c(h) = -h**2 + 9*h - 3. Suppose 0 = 3*z - 8*z + 35. Determine c(z).
11
Suppose 7 = 4*q - 9. Suppose 0*a - q*a = -5*p + 6, -2*a = 2*p - 6. Let s(c) = -1 + c**3 + 6*c - 5*c + 4*c**2 + p. Calculate s(-4).
-3
Let a(j) = -j + 4. Let m(p) = 9*p + 67. Let v be m(-7). What is a(v)?
0
Suppose -4*j + 3*m - 17 = 0, -m = -2*j - 5*m + 8. Let v = 39 + -36. Let s(l) = l**2 + 6 + 1 - 1 - 4 + v*l. What is s(j)?
0
Let n(s) = 11*s - 1. Let o(d) = -6 - d**2 + d - d**3 + 4*d**2 + 4*d**2. Let c = 518 + -511. Let w be o(c). What is n(w)?
10
Let w(l) = 9*l + 16*l - 1 - 22*l. Let p be w(2). Let q(o) = 3*o - 2. Let v(u) = -u. Let s(h) = q(h) + v(h). Give s(p).
8
Let j(q) = q**2 - 3*q - 24. Let u(y) = 7*y**2 + 77*y - 4. Let f be u(-11). What is j(f)?
4
Let p(r) be the third derivative of -r**7/2520 - r**6/720 - 7*r**5/120 - 2*r**4 + 5*r**2 - 6*r. Let c(h) be the second derivative of p(h). Calculate c(0).
-7
Suppose -4*x = x + 10. Let j = 5 + x. Suppose 24 = j*c - 7*c. Let l(u) = 3*u + 3. What is l(c)?
-15
Let o be (-970)/60 + (-2 - 21/(-18)). Let j(v) = v + 20. Determine j(o).
3
Let v = -12 - -15. Let j(f) = -6*f**2 - 5*f - v*f**2 + 2*f + 8*f**2. Give j(-3).
0
Let l(z) = -z**3 - 5*z**2 + 7*z - 4. Let b(r) = -r - 3. Let f be b(3). Determine l(f).
-10
Let o(z) = z**3 + 14*z**2 - 13*z + 15. Suppose 0 = -24*s - 20*s - 660. What is o(s)?
-15
Let v(z) be the second derivative of z**5/5 - z**4/12 - z**3/6 - z - 9. Give v(-1).
-4
Let j = -26 + 22. Let x be (j + (-14)/(-5))*-5. Suppose -3*y - 24 + x = 0. Let w(z) = z**3 + 7*z**2 + 6*z + 5. Determine w(y).
5
Let r(m) = -4*m + 28. Let j be r(6). Suppose j*k + k = 3*k. Let a(n) = -n**3 + n**2 + n - 9. Determine a(k).
-9
Let w = 157 - 161. Let u(s) = -s**3 - 4*s**2 - 4. Determine u(w).
-4
Let g = 571 - 567. Let l = 11 - 8. Let q(b) = 0 + 7 - 1 - l*b. Calculate q(g).
-6
Let g(z) = -z**3 - 9*z**2 - 11*z - 9. Let p(w) = -3*w**2 + w + 2. Let o be p(2). What is g(o)?
15
Let t(x) = x**2 - 4*x - 20. Let g be t(7). Let j(f) = f + 1. Let s(k) = 2*k + 1. Let w(a) = g*s(a) - 3*j(a). Calculate w(-1).
-1
Let h = -20 + 13. Let y(s) = s**2 + 11*s + 4. Calculate y(h).
-24
Let o(j) be the first derivative of 5*j**3/3 - j**2/2 - 399. Give o(1).
4
Let c(y) = -98 - 